{"id":7,"date":"2022-06-17T05:58:39","date_gmt":"2022-06-17T05:58:39","guid":{"rendered":"https:\/\/tezcanyedekparca.com\/cncfasonyedekparca\/?page_id=7"},"modified":"2022-06-21T06:14:30","modified_gmt":"2022-06-21T06:14:30","slug":"cnc-fason-yedek-parca","status":"publish","type":"page","link":"https:\/\/tezcanyedekparca.com\/cncfasonyedekparca\/","title":{"rendered":"CNC Fason Yedek Par\u00e7a"},"content":{"rendered":"","protected":false},"excerpt":{"rendered":"","protected":false},"author":1,"featured_media":21,"parent":0,"menu_order":0,"comment_status":"closed","ping_status":"closed","template":"","meta":{"footnotes":""},"class_list":["post-7","page","type-page","status-publish","has-post-thumbnail","hentry"],"yoast_head":"<!-- This site is optimized with the Yoast SEO plugin v27.4 - https:\/\/yoast.com\/product\/yoast-seo-wordpress\/ -->\n<title>CNC Fason Yedek Par\u00e7a - Tala\u015fl\u0131 \u0130malat<\/title>\n<meta name=\"description\" content=\"CNC Fason Yedek Par\u00e7a: Fason Tala\u015fl\u0131 \u0130malat - Cnc \u0130\u015fleme Merkezi | Tezcan Yedek Par\u00e7a Ve Tar\u0131m Makinalar\u0131 yedek par\u00e7a imalat\u0131.\" \/>\n<meta name=\"robots\" content=\"index, follow, max-snippet:-1, max-image-preview:large, max-video-preview:-1\" \/>\n<link rel=\"canonical\" href=\"https:\/\/tezcanyedekparca.com\/cncfasonyedekparca\/\" \/>\n<meta property=\"og:locale\" content=\"tr_TR\" \/>\n<meta property=\"og:type\" content=\"article\" \/>\n<meta property=\"og:title\" content=\"CNC Fason Yedek Par\u00e7a - Tala\u015fl\u0131 \u0130malat\" \/>\n<meta property=\"og:description\" content=\"CNC Fason Yedek Par\u00e7a: Fason Tala\u015fl\u0131 \u0130malat - Cnc \u0130\u015fleme Merkezi | Tezcan Yedek Par\u00e7a Ve Tar\u0131m Makinalar\u0131 yedek par\u00e7a imalat\u0131.\" \/>\n<meta property=\"og:url\" content=\"https:\/\/tezcanyedekparca.com\/cncfasonyedekparca\/\" \/>\n<meta property=\"og:site_name\" content=\"CNC Fason Yedek Par\u00e7a\" \/>\n<meta property=\"article:modified_time\" content=\"2022-06-21T06:14:30+00:00\" \/>\n<meta property=\"og:image\" content=\"https:\/\/tezcanyedekparca.com\/cncfasonyedekparca\/wp-content\/uploads\/2020\/08\/John-Deere.jpg\" \/>\n\t<meta property=\"og:image:width\" content=\"1920\" \/>\n\t<meta property=\"og:image:height\" content=\"1080\" \/>\n\t<meta property=\"og:image:type\" content=\"image\/jpeg\" \/>\n<meta name=\"twitter:card\" content=\"summary_large_image\" \/>\n<script type=\"application\/ld+json\" class=\"yoast-schema-graph\">{\"@context\":\"https:\\\/\\\/schema.org\",\"@graph\":[{\"@type\":\"WebPage\",\"@id\":\"https:\\\/\\\/tezcanyedekparca.com\\\/cncfasonyedekparca\\\/\",\"url\":\"https:\\\/\\\/tezcanyedekparca.com\\\/cncfasonyedekparca\\\/\",\"name\":\"CNC Fason Yedek Par\u00e7a - Tala\u015fl\u0131 \u0130malat\",\"isPartOf\":{\"@id\":\"https:\\\/\\\/tezcanyedekparca.com\\\/cncfasonyedekparca\\\/#website\"},\"primaryImageOfPage\":{\"@id\":\"https:\\\/\\\/tezcanyedekparca.com\\\/cncfasonyedekparca\\\/#primaryimage\"},\"image\":{\"@id\":\"https:\\\/\\\/tezcanyedekparca.com\\\/cncfasonyedekparca\\\/#primaryimage\"},\"thumbnailUrl\":\"https:\\\/\\\/tezcanyedekparca.com\\\/cncfasonyedekparca\\\/wp-content\\\/uploads\\\/2020\\\/08\\\/John-Deere.jpg\",\"datePublished\":\"2022-06-17T05:58:39+00:00\",\"dateModified\":\"2022-06-21T06:14:30+00:00\",\"description\":\"CNC Fason Yedek Par\u00e7a: Fason Tala\u015fl\u0131 \u0130malat - Cnc \u0130\u015fleme Merkezi | Tezcan Yedek Par\u00e7a Ve Tar\u0131m Makinalar\u0131 yedek par\u00e7a imalat\u0131.\",\"breadcrumb\":{\"@id\":\"https:\\\/\\\/tezcanyedekparca.com\\\/cncfasonyedekparca\\\/#breadcrumb\"},\"inLanguage\":\"tr\",\"potentialAction\":[{\"@type\":\"ReadAction\",\"target\":[\"https:\\\/\\\/tezcanyedekparca.com\\\/cncfasonyedekparca\\\/\"]}]},{\"@type\":\"ImageObject\",\"inLanguage\":\"tr\",\"@id\":\"https:\\\/\\\/tezcanyedekparca.com\\\/cncfasonyedekparca\\\/#primaryimage\",\"url\":\"https:\\\/\\\/tezcanyedekparca.com\\\/cncfasonyedekparca\\\/wp-content\\\/uploads\\\/2020\\\/08\\\/John-Deere.jpg\",\"contentUrl\":\"https:\\\/\\\/tezcanyedekparca.com\\\/cncfasonyedekparca\\\/wp-content\\\/uploads\\\/2020\\\/08\\\/John-Deere.jpg\",\"width\":1920,\"height\":1080,\"caption\":\"CNC Fason Yedek Par\u00e7a\"},{\"@type\":\"BreadcrumbList\",\"@id\":\"https:\\\/\\\/tezcanyedekparca.com\\\/cncfasonyedekparca\\\/#breadcrumb\",\"itemListElement\":[{\"@type\":\"ListItem\",\"position\":1,\"name\":\"Anasayfa\",\"item\":\"https:\\\/\\\/tezcanyedekparca.com\\\/cncfasonyedekparca\\\/\"},{\"@type\":\"ListItem\",\"position\":2,\"name\":\"CNC Fason Yedek Par\u00e7a\"}]},{\"@type\":\"WebSite\",\"@id\":\"https:\\\/\\\/tezcanyedekparca.com\\\/cncfasonyedekparca\\\/#website\",\"url\":\"https:\\\/\\\/tezcanyedekparca.com\\\/cncfasonyedekparca\\\/\",\"name\":\"CNC Fason Yedek Par\u00e7a\",\"description\":\"CNC Tala\u015fl\u0131 \u0130malat\",\"potentialAction\":[{\"@type\":\"SearchAction\",\"target\":{\"@type\":\"EntryPoint\",\"urlTemplate\":\"https:\\\/\\\/tezcanyedekparca.com\\\/cncfasonyedekparca\\\/?s={search_term_string}\"},\"query-input\":{\"@type\":\"PropertyValueSpecification\",\"valueRequired\":true,\"valueName\":\"search_term_string\"}}],\"inLanguage\":\"tr\"}]}<\/script>\n<!-- \/ Yoast SEO plugin. -->","yoast_head_json":{"title":"CNC Fason Yedek Par\u00e7a - Tala\u015fl\u0131 \u0130malat","description":"CNC Fason Yedek Par\u00e7a: Fason Tala\u015fl\u0131 \u0130malat - Cnc \u0130\u015fleme Merkezi | Tezcan Yedek Par\u00e7a Ve Tar\u0131m Makinalar\u0131 yedek par\u00e7a imalat\u0131.","robots":{"index":"index","follow":"follow","max-snippet":"max-snippet:-1","max-image-preview":"max-image-preview:large","max-video-preview":"max-video-preview:-1"},"canonical":"https:\/\/tezcanyedekparca.com\/cncfasonyedekparca\/","og_locale":"tr_TR","og_type":"article","og_title":"CNC Fason Yedek Par\u00e7a - Tala\u015fl\u0131 \u0130malat","og_description":"CNC Fason Yedek Par\u00e7a: Fason Tala\u015fl\u0131 \u0130malat - Cnc \u0130\u015fleme Merkezi | Tezcan Yedek Par\u00e7a Ve Tar\u0131m Makinalar\u0131 yedek par\u00e7a imalat\u0131.","og_url":"https:\/\/tezcanyedekparca.com\/cncfasonyedekparca\/","og_site_name":"CNC Fason Yedek Par\u00e7a","article_modified_time":"2022-06-21T06:14:30+00:00","og_image":[{"width":1920,"height":1080,"url":"https:\/\/tezcanyedekparca.com\/cncfasonyedekparca\/wp-content\/uploads\/2020\/08\/John-Deere.jpg","type":"image\/jpeg"}],"twitter_card":"summary_large_image","schema":{"@context":"https:\/\/schema.org","@graph":[{"@type":"WebPage","@id":"https:\/\/tezcanyedekparca.com\/cncfasonyedekparca\/","url":"https:\/\/tezcanyedekparca.com\/cncfasonyedekparca\/","name":"CNC Fason Yedek Par\u00e7a - Tala\u015fl\u0131 \u0130malat","isPartOf":{"@id":"https:\/\/tezcanyedekparca.com\/cncfasonyedekparca\/#website"},"primaryImageOfPage":{"@id":"https:\/\/tezcanyedekparca.com\/cncfasonyedekparca\/#primaryimage"},"image":{"@id":"https:\/\/tezcanyedekparca.com\/cncfasonyedekparca\/#primaryimage"},"thumbnailUrl":"https:\/\/tezcanyedekparca.com\/cncfasonyedekparca\/wp-content\/uploads\/2020\/08\/John-Deere.jpg","datePublished":"2022-06-17T05:58:39+00:00","dateModified":"2022-06-21T06:14:30+00:00","description":"CNC Fason Yedek Par\u00e7a: Fason Tala\u015fl\u0131 \u0130malat - Cnc \u0130\u015fleme Merkezi | Tezcan Yedek Par\u00e7a Ve Tar\u0131m Makinalar\u0131 yedek par\u00e7a imalat\u0131.","breadcrumb":{"@id":"https:\/\/tezcanyedekparca.com\/cncfasonyedekparca\/#breadcrumb"},"inLanguage":"tr","potentialAction":[{"@type":"ReadAction","target":["https:\/\/tezcanyedekparca.com\/cncfasonyedekparca\/"]}]},{"@type":"ImageObject","inLanguage":"tr","@id":"https:\/\/tezcanyedekparca.com\/cncfasonyedekparca\/#primaryimage","url":"https:\/\/tezcanyedekparca.com\/cncfasonyedekparca\/wp-content\/uploads\/2020\/08\/John-Deere.jpg","contentUrl":"https:\/\/tezcanyedekparca.com\/cncfasonyedekparca\/wp-content\/uploads\/2020\/08\/John-Deere.jpg","width":1920,"height":1080,"caption":"CNC Fason Yedek Par\u00e7a"},{"@type":"BreadcrumbList","@id":"https:\/\/tezcanyedekparca.com\/cncfasonyedekparca\/#breadcrumb","itemListElement":[{"@type":"ListItem","position":1,"name":"Anasayfa","item":"https:\/\/tezcanyedekparca.com\/cncfasonyedekparca\/"},{"@type":"ListItem","position":2,"name":"CNC Fason Yedek Par\u00e7a"}]},{"@type":"WebSite","@id":"https:\/\/tezcanyedekparca.com\/cncfasonyedekparca\/#website","url":"https:\/\/tezcanyedekparca.com\/cncfasonyedekparca\/","name":"CNC Fason Yedek Par\u00e7a","description":"CNC Tala\u015fl\u0131 \u0130malat","potentialAction":[{"@type":"SearchAction","target":{"@type":"EntryPoint","urlTemplate":"https:\/\/tezcanyedekparca.com\/cncfasonyedekparca\/?s={search_term_string}"},"query-input":{"@type":"PropertyValueSpecification","valueRequired":true,"valueName":"search_term_string"}}],"inLanguage":"tr"}]}},"_links":{"self":[{"href":"https:\/\/tezcanyedekparca.com\/cncfasonyedekparca\/wp-json\/wp\/v2\/pages\/7","targetHints":{"allow":["GET"]}}],"collection":[{"href":"https:\/\/tezcanyedekparca.com\/cncfasonyedekparca\/wp-json\/wp\/v2\/pages"}],"about":[{"href":"https:\/\/tezcanyedekparca.com\/cncfasonyedekparca\/wp-json\/wp\/v2\/types\/page"}],"author":[{"embeddable":true,"href":"https:\/\/tezcanyedekparca.com\/cncfasonyedekparca\/wp-json\/wp\/v2\/users\/1"}],"replies":[{"embeddable":true,"href":"https:\/\/tezcanyedekparca.com\/cncfasonyedekparca\/wp-json\/wp\/v2\/comments?post=7"}],"version-history":[{"count":5,"href":"https:\/\/tezcanyedekparca.com\/cncfasonyedekparca\/wp-json\/wp\/v2\/pages\/7\/revisions"}],"predecessor-version":[{"id":58,"href":"https:\/\/tezcanyedekparca.com\/cncfasonyedekparca\/wp-json\/wp\/v2\/pages\/7\/revisions\/58"}],"wp:featuredmedia":[{"embeddable":true,"href":"https:\/\/tezcanyedekparca.com\/cncfasonyedekparca\/wp-json\/wp\/v2\/media\/21"}],"wp:attachment":[{"href":"https:\/\/tezcanyedekparca.com\/cncfasonyedekparca\/wp-json\/wp\/v2\/media?parent=7"}],"curies":[{"name":"wp","href":"https:\/\/api.w.org\/{rel}","templated":true}]}}